s). Is (t + (-10)/4)*-106 a composite number?
False
Let u(s) be the first derivative of 5*s**3/3 - s**2 - 5*s - 1. Suppose 5*w + 2*h = 14, -h - 2*h - 25 = -4*w. Is u(w) a prime number?
True
Let v be -10*(-1)/(15/(-54)). Let j = 91 + v. Let b = j - 29. Is b prime?
False
Let q(a) = 3*a - 1. Let r be q(1). Let c(f) = 3*f**r - 4*f**2 + 0*f - 5*f + 3. Is c(-5) composite?
False
Is (633/(-6))/((-2)/4) a composite number?
False
Let n(f) = f - 2. Let j be n(6). Suppose -4*y + 24 = d + 1, -2*d + j*y + 46 = 0. Is d a composite number?
False
Suppose x + x - 34 = -2*t, -4*t = 5*x - 64. Is t a prime number?
False
Let z(q) = 13*q**2 - 11*q - 9. Is z(6) a composite number?
True
Is (5 + -5531)/(-3) - -5 prime?
True
Suppose 6*u + 3*l - 3415 = u, 3*u - 3*l = 2049. Is u a composite number?
False
Let d(r) = r**2 + 6*r + 1. Let g be d(-4). Let q = -5 - g. Suppose 3*p + 53 = q*h, 4*h - 103 = p + 2*p. Is h a composite number?
True
Suppose -2418 = -3*a + 1359. Is a prime?
True
Suppose -3*r + z + 110 = -0*z, -3*r - 4*z + 115 = 0. Let g(v) = v**2 + 3*v - 5. Let d be g(-5). Suppose -r = -5*o - 2*f + 56, d*o + 4*f = 91. Is o prime?
True
Suppose -1942 - 483 = -5*o. Is o a prime number?
False
Is 87/1 + (-2)/1 a prime number?
False
Suppose -p + 0*p = -1, -f + 411 = 5*p. Let v = 199 + -472. Let j = f + v. Is j prime?
False
Is 39*3*(-21)/(-27) composite?
True
Suppose 4*z - 3*v - 20 = 2*z, -16 = -3*z + v. Suppose 2*n = 4 + z. Suppose 4*j - 126 = -2*u, -u = 3*u - n. Is j prime?
True
Is (-2 - 1364)/(-6 + 4) prime?
True
Suppose 3*j = -2*a + 16, 28 - 8 = 4*j + 2*a. Suppose 0*l - 308 = -j*l. Is l a prime number?
False
Suppose -2*i - 31 + 1197 = 0. Is i prime?
False
Let b(z) = -z**2 + 5*z + 2. Let v be b(3). Suppose 0 = -2*a + v + 22. Is a composite?
True
Suppose 7*m + 4*m = 91861. Is m a composite number?
True
Let f(k) = k**2. Let h(a) = -a**3 - 4*a**2 - 79. Let b(j) = -3*f(j) - h(j). Is b(0) prime?
True
Let z(d) = -d + 15. Is z(-18) prime?
False
Let i(u) = -u**3 - 5*u**2 - 2*u + 1. Suppose -3*g = 2*g + 30. Is i(g) a prime number?
False
Let o(t) = -311*t - 17. Is o(-12) a composite number?
True
Let x = -5 + 7. Suppose -131 = -m + 3*q, 0*m - 2*m = -x*q - 282. Is m prime?
False
Let g(m) = -m**3 - 8*m**2 + 3*m + 9. Let r be g(-8). Is (-3)/(3/r*1) prime?
False
Let q = 3195 + -116. Is q prime?
True
Let j(k) = 50*k - 7. Is j(3) composite?
True
Let s be -2 - 1830/(1 + -4). Suppose u - 6*u + s = 3*d, 3*u - 407 = -2*d. Is d composite?
False
Let r = 1776 - 925. Is r composite?
True
Suppose 0 = 4*b + 3*n + 4, -3*b - 2*n + 7*n - 3 = 0. Let j(a) = -2*a**2 - 1 - 123*a**3 + 5*a**2 - 2*a**2. Is j(b) a prime number?
False
Suppose 5 = 4*l - 3. Let w be 2*((l - 0) + -1). Suppose -2*k = w*k - 40. Is k prime?
False
Suppose -4*z + 37 = 5*s, 2*z - 3 = s - 2. Let x be 134 - (z + -2)/1. Suppose -b + 2*b - x = 0. Is b composite?
True
Suppose -4*v = -9*v + 11435. Is v prime?
True
Let g(b) = b**3 + 7*b**2 + 5*b - 6. Let h be g(-6). Suppose h = -r + 84 + 262. Is r a prime number?
False
Suppose -4*n = 2*j - 526, -2*n + 4*j = -127 - 131. Is n prime?
True
Is 6294/(-4)*(-14)/21 composite?
False
Let k(m) = -m**2 - 7*m + 10. Let i be k(-7). Let g = 12 - i. Suppose 7*q - 3*w = g*q + 158, 92 = 3*q + w. Is q prime?
True
Let l = -236 - -457. Is l a composite number?
True
Let q = 4 + -4. Let s(a) = a**3 - a**2 - a + 3. Is s(q) prime?
True
Let a be ((-12)/14)/(8/56). Let h(p) = -p**3 - 5*p**2 + 8*p + 6. Let t be h(a). Let j(z) = -z**3 - 4*z**2 + 7*z + 7. Is j(t) prime?
True
Suppose 0 = -3*b + 3*r + 207, 2*r - 66 = -3*b + 136. Let l be (-2 + 0)*(-31)/(-2). Let f = b + l. Is f composite?
False
Suppose -5321 = -5*a - 4*l, 2*l + 2114 = 2*a - 0*a. Is a a composite number?
False
Suppose -3*j - 3*y = 120 - 387, -177 = -2*j - y. Let c = 165 - j. Is c composite?
True
Suppose 2*t - 294 = -2*a - 2*t, -t = -2*a + 284. Is a prime?
False
Suppose r - 9 = 2*c, 5*r + c = 3*r - 2. Let p be (2 - 3)/(r/(-7)). Suppose 2*d - 405 = -5*n, -4*d - p = -2*n + 179. Is n prime?
True
Suppose 0 = -4*q - q + 2*b + 1419, 4*q - 5*b = 1125. Suppose q = 4*i + i. Suppose -i = -5*h + 13. Is h composite?
True
Let x(a) = -a**3 - 6*a**2 + 4*a - 8. Let b be x(-7). Suppose -b = 4*r - 5*r. Is r a prime number?
True
Suppose v - 5 = 3. Let u = v + 4. Let k = 25 + u. Is k a prime number?
True
Suppose 4*v = -3*r + 37 + 195, r = -4*v + 240. Let d = v - 12. Is d prime?
False
Let c = 1164 - 827. Is c composite?
False
Suppose -6*r + 4922 = -1132. Is r prime?
True
Let h(z) = 526*z**2 - 3*z + 4. Is h(1) a prime number?
False
Let v = 1 + 52. Is v a prime number?
True
Suppose 1468 + 720 = 4*x. Suppose -2*y = 197 - x. Suppose -7*u + y = -2*u. Is u a composite number?
True
Suppose -w + 103 + 108 = -3*k, -442 = -2*w + k. Is w prime?
True
Let y(j) = -18*j - 3. Suppose 6 = -4*r - 6. Let p = r - -1. Is y(p) prime?
False
Let s = -1 + 6. Suppose -s*f - 5*p + 630 = 0, 0*f - f = 3*p - 132. Is f prime?
False
Suppose 5*y = 0, -5*j - y + 0*y + 355 = 0. Is j a prime number?
True
Let y(a) = a**3 - a**2 - 2*a. Let c be y(2). Suppose -4*r = -c*r, -4*g + 1492 = 3*r. Is g composite?
False
Suppose -14 = -4*h - 3*w + 2*w, -5*h = 5*w - 10. Let l(o) = -o**3 + 12*o**2 - 9*o + 8. Let j be l(11). Is 2/(1/j*h) a prime number?
False
Let m(n) = -n**3 + 4*n**2 - 3*n. Let b be m(3). Let z be -2 + 2 + b + 29. Suppose -i + 2 = -z. Is i a prime number?
True
Let b(u) be the third derivative of 0*u + 2*u**2 + 0 - u**3 - 5/24*u**4 - 1/12*u**5 - 1/120*u**6. Is b(-7) composite?
False
Let c(d) = 10*d - 69. Is c(26) a composite number?
False
Let q(i) = 15*i - 7. Let x be q(6). Let r be 6*(-3)/(-6) - 1. Suppose 3*l - 3*m = 33, x = r*l + 3*l + 2*m. Is l prime?
False
Suppose -2*g + 4*r = -6*g + 112, -3*r - 44 = -g. Let w = g - 11. Is w a composite number?
True
Let t = -2 + 4. Let i(l) = 6*l**3 + 2*l**2 - 3*l. Let p be i(t). Suppose 0 = -8*n + 3*n + p. Is n a prime number?
False
Suppose 2*p + 2*p - 12 = 0. Suppose -2*b - p*x - 2*x = -267, 127 = b - 4*x. Is b*((-2)/1)/(-2) prime?
True
Let g = -196 + 645. Is g composite?
False
Let t = 14 + -27. Is 3*2/((-6)/t) a composite number?
False
Let n(r) = -3*r**3 - 23*r**2 - 10*r - 5. Is n(-9) prime?
True
Let n = 911 - 516. Is n prime?
False
Suppose 2*f - 3771 = 1457. Let h = f - 1727. Is h a composite number?
False
Suppose j = 24 + 523. Is j prime?
True
Let r be (-1 + 2 - 2)*8. Let c(g) = -30*g - g**3 - 7*g**2 - 7 + 2 + 33*g. Is c(r) a prime number?
False
Suppose -1 = 5*w - 4*a - 0*a, 0 = -3*w - 3*a - 6. Let v = w - -5. Suppose -5 = v*x - 61. Is x prime?
False
Is 107/(3/3)*(25 - 2) composite?
True
Let f(g) = -2*g**3 - 2*g**2 + g + 2. Let k(l) = l - 11. Suppose 2*u + 3*z + z - 8 = 0, 14 = u - 3*z. Let x be k(u). Is f(x) a composite number?
True
Let z(k) = k + 19. Is z(-9) a prime number?
False
Let w(l) = 355*l - 38. Is w(12) composite?
True
Let v(g) = g**2 - 4. Let s(j) = -j**2 + 3. Let l(d) = -3*s(d) - 2*v(d). Let m be l(1). Suppose 4*q = -m*q + 652. Is q a prime number?
True
Let k = -70 - -159. Suppose -q + k = -0*q. Is q a composite number?
False
Let n be -1 - 1*(-2)/(-2). Let z be n/4*(-3 - -3). Suppose -3*i + 6 = -z*i. Is i composite?
False
Let h(p) = 15*p**3 + 7*p**2 + 5*p - 5. Is h(4) a prime number?
True
Let b(l) = 2*l - 1. Let o(n) = 3*n - 3. Let y(a) = -5*b(a) + 2*o(a). Let q be y(-1). Is (-188)/6*q/(-2) composite?
False
Is (-917)/(-1) - (1 - 0)*-2 composite?
False
Let w = 671 + -84. Is w prime?
True
Let k = 6 + 257. Is k composite?
False
Let g(k) = -6*k - 15. Let s be g(-6). Suppose -s - 16 = -u. Is u prime?
True
Let w(t) = -t - 1. Let h be w(-5). Suppose 674 = h*d - 2*d. Is d composite?
False
Let f = 720 - 413. Is f composite?
False
Let o = 53 - 88. Let t = 25 - o. Suppose -v - 3*l + t = 2*l, 5*l + 50 = v. Is v prime?
False
Let m(s) = -s**2 + 6*s + 4. Let g be m(5). Is (g/(-36))/((-1)/212) a prime number?
True
Let z(a) be the second derivative of 25*a**3/6 - 3*a**2/2 + a. Suppose -4*y + 7 = -1. Is z(y) composite?
False
Let x(s) be the second derivative of 190*s**3/3 + s**2/2 + 3*s. Is x(1) a prime number?
False
Suppose 2*u - 2252 = -2*u. Is u prime?
True
Suppose -3*z - 318 = -5*z. Is (-2 - -4)*z/6 a prime number?
True
Let x = 7 - 1. Let r be 6/(-4)*(-4)/x. Is ((-30)/8)/(r/(-4)) a composite number?
True
Let x(s) be the first derivative of -s**2/2 + 29*s - 2. Let a be